/2*s**2 - 3*s - 4/3*s**3 + 1. Let z be t(5). Calculate the greatest common factor of z and 1.
1
Suppose 7*u - 435 = 55. What is the highest common factor of u and 20?
10
Let i be (-74)/(-8) - 1/4. Suppose 7*l - 3*l - 104 = 0. Suppose 2*o - l = 5*v, 2*o + 5*v = -o + 64. What is the highest common factor of i and o?
9
Let f(q) = 3*q. Let x be f(4). Let u = 21 - x. Let i(s) = s**3 - 8*s**2 + 2*s - 10. Let a be i(8). What is the highest common divisor of a and u?
3
Let d(v) = -3*v + 8 - 3*v + 18*v - v**2. Let m(z) = z**3 - 13*z**2 + 2*z - 17. Let s be m(13). Let h be d(s). Calculate the highest common factor of h and 7.
7
Let d(i) = 2*i**2 - 7*i - 24. Let x be d(-8). What is the greatest common factor of x and 20?
20
Let p(f) = f + 5. Let w(z) = 4. Let i(n) = 3*p(n) - 4*w(n). Let t be i(11). Calculate the greatest common divisor of t and 8.
8
Let c = 15 + 0. Let y be (-2)/(-10) + 132/c. What is the highest common factor of y and 81?
9
Suppose -2 = 8*u - 4*u - k, 0 = k - 2. Suppose -q = 4*a - 37, 3*a - 2*q - q - 39 = u. Calculate the highest common factor of a and 90.
10
Let w(n) = 6*n - 2. Let c be w(11). Calculate the greatest common divisor of c and 16.
16
Let i(v) = 2*v**2 + 9*v - 5. Let o = 6 + -8. Let n = -9 - o. Let m be i(n). What is the greatest common factor of 6 and m?
6
Suppose 3*c - 2 = 10. Suppose 0 = -c*h - 57 - 87. Let f be (-2)/5 + h/(-15). What is the greatest common factor of f and 4?
2
Let j = 3 + -7. Let q(d) = -3*d**2 - 26*d + 3. Let i be q(-9). Let h = j - i. What is the highest common factor of h and 1?
1
Suppose 5*v - 2*v - 9 = 0. Suppose -2 = 2*u - 8. Suppose 15 = u*w - v. Calculate the greatest common divisor of w and 2.
2
Let a(g) = g**2 + 5*g + 2. Let l = -4 - 1. Let k be a(l). Let b be k*-5*(-4)/10. What is the highest common divisor of 16 and b?
4
Suppose -3*d - 3*m + 549 - 141 = 0, -5*d - 2*m = -692. Calculate the highest common factor of 20 and d.
20
Suppose 2*s = -s. Suppose -b = 5*j + 1 + 1, s = -3*b + 2*j + 28. What is the highest common factor of b and 2?
2
Let o(f) = -f**2 - 5*f - 6. Let y be o(-4). Suppose -63 = 3*g - 303. Let q be 1 - (3 + y - g). What is the greatest common factor of 10 and q?
10
Suppose -3*o + 0 = -33. What is the highest common factor of o and 1?
1
Let u be (-4)/(-14) - (-2700)/105. Let j(b) = 14*b - 5. Let h be j(5). What is the highest common divisor of h and u?
13
Let b = -7 + 12. Calculate the greatest common factor of b and 2.
1
Let z be 2/5 + -3*78/(-15). Suppose 4*t - 4 = v, -5*v - 7 = -2*t - 41. What is the greatest common factor of z and v?
8
Suppose -2*r - 9 + 33 = 5*o, -3*r + 5*o = 14. Suppose -w + 8 = r*i + 2, -w + 5*i = -20. What is the greatest common factor of 2 and w?
2
Suppose 5*r + 15 = 2*i - 4, 0 = -2*r - 6. What is the highest common factor of i and 5?
1
Let z(k) = -k**2 + 5*k + 1. Let c be z(4). Let w be ((-110)/40)/((-2)/8). Let s = 21 - w. What is the greatest common factor of c and s?
5
Let o = -6 - -9. Suppose -x - 56 = -4*x + f, -o*x + 5*f = -64. Calculate the highest common divisor of x and 27.
9
Suppose 30 = 6*h - 366. What is the greatest common divisor of 33 and h?
33
Suppose 9*w + 4*w = 52. Calculate the highest common factor of 32 and w.
4
Suppose -5*q + 5 = -0*q. Suppose 4*u = -q + 13. Suppose -5*y + 63 = -2*h, -4*y + 0*h = u*h - 55. Calculate the highest common divisor of y and 91.
13
Let m(n) = -n**2 + 9*n + 5. Let c be m(10). Suppose 3*u = -10 + 4. Let r be u/c - 128/(-5). What is the greatest common factor of 65 and r?
13
Let r = -131 - -153. Calculate the highest common divisor of r and 88.
22
Suppose -b = 3 - 1, 3*k + 5*b = 14. Calculate the greatest common divisor of 56 and k.
8
Let f be ((-3)/(-9)*0)/(-1). Let r be 5/(-1 + (f - -2)). Suppose 0 = k + 3*x - 7, -3*k + 11 = k - r*x. Calculate the highest common divisor of k and 1.
1
Let c(t) be the third derivative of t**5/12 - t**4/8 + t**3/2 - 8*t**2. Let q be c(-3). Calculate the greatest common factor of 19 and q.
19
Let c = 46 - 39. Calculate the highest common divisor of 7 and c.
7
Suppose 4*c - 52 = -4*n, 0 = -8*n + 3*n + 5*c + 95. Suppose 2*t + n = 24. Calculate the highest common divisor of t and 4.
4
Suppose 0 = -g - 1 + 5. Suppose g*a - 4 = 8. What is the highest common divisor of a and 27?
3
Let j be ((-12)/10)/(4/(-10)). Suppose 4*w - 5 + 21 = -2*c, 5*c - j*w + 27 = 0. Let t = c - -12. What is the greatest common factor of 6 and t?
6
Let d = -459 - -771. Calculate the highest common factor of 39 and d.
39
Let j(t) = t**2 - 9*t + 7. Let i be j(11). Let x = i - 0. What is the greatest common factor of x and 58?
29
Suppose 0 = -5*w + 2 + 23. Suppose 24 = w*b - 1. What is the greatest common divisor of 40 and b?
5
Let l = -595 - -862. Suppose -l = -6*f - 57. Calculate the greatest common divisor of 7 and f.
7
Suppose 64 = 4*n - 2*n. Let w = 6 - 2. What is the highest common factor of n and w?
4
Suppose -5*s = 4*j - 103, -j - s + 2*s = -37. Let i be -1*2 + (-1)/(11/(-110)). What is the greatest common divisor of i and j?
8
Let c = 12 - -131. Let n = 5 - 5. Let z be (1 + n)*c*1. Calculate the highest common divisor of 13 and z.
13
Suppose -5*c + 5*m + 95 = 0, -5*c + m + 66 = -41. Let l = c + -4. What is the greatest common factor of 54 and l?
18
Suppose 0 = 2*z - 4*z. Let r = -1 + z. Let j = 14 - r. Calculate the highest common divisor of 150 and j.
15
Let r(k) = k**2 + 3*k + 3. Let s be r(-4). What is the highest common factor of s and 77?
7
Let z(g) = -5*g - 1. Let f be (-2)/(4/(-6))*-1. Let i be z(f). What is the greatest common factor of i and 2?
2
Let w = -11 + 15. Suppose 0 = w*m + 2*f - 234 + 22, 2*m = 2*f + 100. Calculate the greatest common divisor of m and 13.
13
Let x be -1 + -2 - (6 - 9). Suppose -o + 5 = x, 5*o + 19 = 7*u - 3*u. Let n(t) = -15*t - 1. Let m be n(-3). Calculate the greatest common factor of m and u.
11
Let r = 46 - -10. What is the greatest common divisor of 42 and r?
14
Suppose 2*y = 4*y + 3*n - 101, 4*y - 235 = 5*n. Suppose -11 = -2*w - t, -3*w + 12*t + 20 = 17*t. Calculate the greatest common divisor of y and w.
5
Let x(q) = q - 2. Let f be x(3). Suppose 0 = 5*n + f - 6. Suppose -a = n - 3. What is the highest common factor of 22 and a?
2
Let o = 21 - 1. Calculate the greatest common divisor of o and 100.
20
Let l = -14 - -31. What is the greatest common divisor of 34 and l?
17
Let a be 4/22 + (-361)/(-11). Let p(j) = 21*j**2 + 1. Let m be (-1 - (-4)/6)*-3. Let o be p(m). What is the greatest common factor of a and o?
11
Suppose 0 = 4*z + 2*d - 126, z = -0*d - 3*d + 24. Suppose 0*a + 22 = 2*a. What is the greatest common factor of z and a?
11
Suppose -5*x + 10 = 50. Let j(w) = -w**3 - 8*w**2 + 5*w - 4. Let l be j(x). Let k = l + 80. Calculate the greatest common divisor of 54 and k.
18
Let n(j) = -2*j + 31. Let q be n(13). What is the highest common factor of 25 and q?
5
Suppose 0 = 4*j + 3*o - 50 - 53, 5*o = -3*j + 69. Calculate the greatest common factor of 14 and j.
14
Let u = 1 - 5. Let l be u/14 + (-680)/(-28). Suppose -4*z - 12 = 0, -z + 24 = 5*t - 3. What is the greatest common factor of l and t?
6
Let k = 5 + 0. Suppose -k*j - 3*g = -109, -4*j + j + 66 = 2*g. Let a = -36 + 56. Calculate the greatest common factor of a and j.
20
Let k be (-104)/(-6) - 2/(-3). What is the greatest common factor of k and 12?
6
Suppose 0 = 3*c - 0*c + l - 51, 3*l = -2*c + 41. What is the highest common factor of c and 32?
16
Suppose 10 = 4*q + 2. Let k = 1 + 0. Calculate the greatest common divisor of q and k.
1
Let f(n) = 11*n**3 - n**2. Let z be f(1). Suppose -l = -a - 23, -5*l + 2*a + 109 = -a. What is the highest common factor of l and z?
10
Suppose -5*q - 13 = 4*t, 0 = -t + 3*t - 4*q. Let d(u) = -2*u**3 + 3*u**2 + 2*u - 2. Let n be d(t). What is the greatest common divisor of n and 110?
22
Let s(o) be the first derivative of o**2 - 2*o - 4. Let i be s(5). What is the greatest common factor of i and 88?
8
Let i be (-4 + 3 - -2) + -66. Let r = 125 + i. Let j be (-3 - -1) + -2 + 28. Calculate the highest common divisor of j and r.
12
Let q(k) = -k**2 - 19*k - 39. Let d be q(-16). Calculate the highest common factor of 6 and d.
3
Let n be ((-3)/2)/((-6)/(-16)). Let c be (2/n)/((-7)/490). Calculate the highest common factor of c and 5.
5
Suppose 5*g - 3 - 12 = 0. Let x be (